 13, what is -21 - 9a?
-bb
In base 2, what is -10000111 - 1000?
-10001111
In base 3, what is -22002 + 11?
-21221
In base 16, what is 3 + 9d0?
9d3
In base 16, what is -4 + -28?
-2c
In base 10, what is -36 + -4?
-40
In base 11, what is 11a + 2?
121
In base 9, what is -24 + 3?
-21
In base 3, what is 22002 + 12?
22021
In base 10, what is -41034 + -2?
-41036
In base 16, what is 2 - -4d?
4f
In base 10, what is -233 - 0?
-233
In base 16, what is -4 - -19?
15
In base 12, what is 1 + -432?
-431
In base 7, what is -14 + 5310?
5263
In base 14, what is 3 - -c?
11
In base 9, what is -6 + -23?
-30
In base 13, what is -2 - 1aa?
-1ac
In base 15, what is -115 - -d?
-107
In base 8, what is -3663 + 5?
-3656
In base 15, what is -3 - 259?
-25c
In base 12, what is 2 + -3b?
-39
In base 16, what is 9 + 30?
39
In base 2, what is -10 - -111101001?
111100111
In base 14, what is -5 - 9?
-10
In base 16, what is 3a - 3?
37
In base 13, what is -2c3 - -2?
-2c1
In base 15, what is -1c + 2?
-1a
In base 11, what is 0 + 243?
243
In base 5, what is -130 - -3?
-122
In base 2, what is 10011101 + -100?
10011001
In base 16, what is 5 - f?
-a
In base 2, what is -1101110011011 - -1?
-1101110011010
In base 12, what is 47b + -1?
47a
In base 9, what is -534 + 3?
-531
In base 9, what is -68 - 4?
-73
In base 10, what is 452 - -5?
457
In base 15, what is -2b + 391?
365
In base 7, what is -1 - -125?
124
In base 4, what is -1 - -20100?
20033
In base 3, what is 0 - -2112?
2112
In base 14, what is -21d - 2?
-221
In base 11, what is -10 + -4?
-14
In base 8, what is -12210 - -3?
-12205
In base 15, what is -35 + -4b?
-81
In base 12, what is 3 + 123?
126
In base 13, what is -c59 + -1?
-c5a
In base 15, what is 2 - 7?
-5
In base 4, what is -132322 + 10?
-132312
In base 16, what is 1 - -f1d?
f1e
In base 15, what is 25e + 3?
262
In base 9, what is -517 - 5?
-523
In base 2, what is -100 - 1101?
-10001
In base 6, what is 33 + -1?
32
In base 6, what is -2520 - -15?
-2501
In base 15, what is -29 + 7?
-22
In base 13, what is -160a - -5?
-1605
In base 16, what is -d + -6d?
-7a
In base 16, what is -1 - -378?
377
In base 11, what is -12 - 9?
-20
In base 8, what is 5 + -47?
-42
In base 2, what is -10 - 10111101?
-10111111
In base 13, what is -2 + 1a?
18
In base 13, what is 4 + -10c?
-108
In base 10, what is -237 + 9?
-228
In base 12, what is 44 - -4?
48
In base 7, what is -4361 - 4?
-4365
In base 10, what is 4 + 0?
4
In base 6, what is 12 + 10?
22
In base 2, what is -1 - -100100?
100011
In base 9, what is 12 + -81?
-68
In base 12, what is -44b7 + 5?
-44b2
In base 6, what is -214 + -1?
-215
In base 6, what is 3 + 25?
32
In base 15, what is -2 - bd2?
-bd4
In base 13, what is 0 - 127?
-127
In base 14, what is 2550 + -1?
254d
In base 6, what is -31 - 10?
-41
In base 2, what is -10 + 111100101100?
111100101010
In base 3, what is -10 - -2221?
2211
In base 7, what is -1335 - -36?
-1266
In base 15, what is c + 9?
16
In base 15, what is -30 - -26?
-9
In base 12, what is -35 - 0?
-35
In base 16, what is 1 - 1?
0
In base 6, what is 5 + -44?
-35
In base 3, what is -101 - 2022?
-2200
In base 10, what is 16 + -6?
10
In base 8, what is 34 - -1?
35
In base 5, what is 3 - -314?
322
In base 3, what is 12 - -210222?
211011
In base 8, what is 74 - 2?
72
In base 8, what is 64 - -3?
67
In base 8, what is 4 - -70?
74
In base 12, what is -ba4 + 3?
-ba1
In base 2, what is -101 + -10011?
-11000
In base 2, what is -1 - 1110110?
-1110111
In base 12, what is 298 + 3?
29b
In base 2, what is -1 - 11001110111?
-11001111000
In base 14, what is -745 - -2?
-743
In base 5, what is -3 + 124?
121
In base 13, what is 10b8 + -1?
10b7
In base 16, what is 15 - d?
8
In base 5, what is 2 - -441?
443
In base 9, what is -3 - -856?
853
In base 7, what is -65042 + -5?
-65050
In base 12, what is -394 + 1?
-393
In base 5, what is 0 + 42?
42
In base 14, what is -a + 1d0?
1c4
In base 5, what is 4 - 40?
-31
In base 10, what is 2 - -2?
4
In base 9, what is 5 + 575?
581
In base 2, what is 101 + 11?
1000
In base 6, what is -32 - 2?
-34
In base 9, what is -147 + 2?
-145
In base 12, what is -6 + -119?
-123
In base 3, what is 1 - 102120?
-102112
In base 14, what is -2 + -2869?
-286b
In base 2, what is -10001 - -1111?
-10
In base 3, what is 22 + -112?
-20
In base 10, what is 0 - 269?
-269
In base 7, what is -2066 + -12?
-2111
In base 15, what is -19 + 81?
67
In base 2, what is 100110 + -100001?
101
In base 9, what is -68 + -63?
-142
In base 16, what is f14 - 3?
f11
In base 11, what is 2a7 - -3?
2aa
In base 14, what is -2 + -1b?
-1d
In base 15, what is 20 - -3?
23
In base 6, what is 33 + 154?
231
In base 15, what is 16 - 2c?
-16
In base 4, what is -31 + -20222?
-20313
In base 15, what is -4 + 855?
851
In base 5, what is -31020 - 14?
-31034
In base 15, what is -9 - 6?
-10
In base 13, what is 1a8 - 5?
1a3
In base 10, what is -43 + -6?
-49
In base 13, what is 22 - 6?
19
In base 12, what is 121 + -21?
100
In base 3, what is -1021 + 1022?
1
In base 3, what is -1 + -22002?
-22010
In base 5, what is 142 + -3430?
-3233
In base 16, what is 5a3 + 2?
5a5
In base 12, what is -3 + a6?
a3
In base 3, what is -12 + 21111?
21022
In base 2, what is 11 - -1000?
1011
In base 7, what is 6 + 204?
213
In base 11, what is -2234 + -4?
-2238
In base 3, what is -12 + 211111?
211022
In base 11, what is -176 + 4?
-172
In base 2, what is 11 + 101111?
110010
In base 16, what is -1c - 6d?
-89
In base 15, what is 4 - 86?
-82
In base 14, what is -4 + -33?
-37
In base 15, what is 9 - -5?
e
In base 14, what is b8 + -1?
b7
In base 11, what is -5 - 11?
-16
In base 14, what is 3 + -64?
-61
In base 5, what is 20 - 10201?
-10131
In base 8, what is 16 + 14?
32
In base 5, what is 1340 + -4?
1331
In base 6, what is -3 - -41400?
41353
In base 3, what is 20 + 210102?
210122
In base 2, what is 1011100 + 10101?
1110001
In base 3, what is -111122 + 1011?
-110111
In base 4, what is 102 + 1023?
1131
In base 12, what is -15 + -1?
-16
In base 9, what is -88 + 32?
-56
In base 16, what is 4b3 + 6?
4b9
In base 16, what is -4 + 6e?
6a
In base 3, what is 10 - 2121112?
-2121102
In base 3, what is 20202 + 111?
21020
In base 13, what is -c - -61?
52
In base 16, what is 3 - -21b?
21e
In base 11, what is -2 + -144?
-146
In base 16, what is -52 + 2?
-50
In base 15, what is -4 + -e9b?
-ea0
In base 7, what is -5 + -11155?
-11163
In base 2, what is -10 - 10000?
-10010
In base 5, what is -11 - -4010?
3444
In base 8, what is -14 + 77?
63
In base 12, what is -4 - -31?
29
In base 10, what is -27230 + -3?
-27233
In base 8, what is -1031 + 2?
-1027
In base 9, what is 10 - -21?
31
In base 14, what is -5 + 45?
40
In base 15, what is -1 - e?
-10
In base 7, what is -2 - -11051?
11046
In base 2, what is -10011000011 - -10?
-10011000001
In base 8, what is -16 + 1254?
1236
In base 3, what is -1012200222 + 2?
-1012200220
In base 11, what is -3 + 231?
229
In base 11, what is -43 + 8?
-36
In base 12, what is -10 + -9?
-19
In base 2, what is -10011110 - -100?
-10011010
In base 4, what is 2 + -1001?
-333
In base 16, what is -4 - -1c7?
1c3
In base 8, what is -65 - -477?
412
In base 5, what is 204 + 13?
222
In base 8, what is -1320 - -4?
-1314
In base 4, what is -10 + 3022?
3012
In base 2, what is 1001 + 11?
1100
In base 14, what is 10 - 14?
-4
In base 7, what is 4 + 105?
112
In base 7, what is -11 + -31?
-42
In base 3, what is 2000022 + -11?
2000011
In base 6, what is 313 + 10?
323
In base 3, what is -100 - -21?
-2
In base 9, what is 14 - 7?
6
In base 5, what is 1432 - -10?
1442
In base 14, what is -2 + 35?
33
In base 15, what is -4db - -3?
-4d8
In base 10, what is -25 - -32?
7
In base 15, what is 4 + -b6?
-b2
In base 16, what is 3fd + -2?
3fb
In base 6, what is -3 - 122?
-125
In base 3, what is -21000 - 2?
-21002
In base 9, what is -182 + 14?
-167
In base 9, what is -61 - -2?
-58
In base 12, what is 0 - -431?
431
In base 13, what is -13a + 0?
-13a
In base 9, what is -3 - 154?
-157
In base 12, what is -b4 + -17?
-10b
In base 14, what is 1dc + 22?
220
In base 4, what is -233013 + 3?
-233010
In base 9, what is -8 + -623?
-632
In base 4, what is 100 + 1022?
1122
In base 8, what is -4 + 110?
104
In base 7, what is -261 - -4?
-254
In base 16, what is 191b - 5?
1916
In base 4, what is -10 + -301?
-311
In base 9, what is 0 + 2380?
2380
In base 7, what is 5 +